22 + -85?
-2362707
In base 9, what is 267 + -888860?
-888582
In base 13, what is 522a6554 + -3?
522a6551
In base 8, what is 113013355 - -2?
113013357
In base 4, what is 1120 + 3331102233?
3331110013
In base 16, what is -8616 + -28e?
-88a4
In base 3, what is -212 - -10210022120211?
10210022112222
In base 13, what is -10cc1a0c - -5?
-10cc1a07
In base 11, what is -1 + -54147a14?
-54147a15
In base 9, what is 4 + -4233221?
-4233216
In base 12, what is 1481 + -19371?
-17ab0
In base 8, what is 376070577 + -12?
376070565
In base 15, what is 4561 + -3c6?
418a
In base 4, what is 12012011211 - -1?
12012011212
In base 16, what is -d - -6cf4a7?
6cf49a
In base 12, what is -b428943 - 4?
-b428947
In base 7, what is 56213 + 11?
56224
In base 10, what is -1792147 + 9?
-1792138
In base 4, what is 102 + -2030232?
-2030130
In base 15, what is 1636e1 - -c?
1636ed
In base 2, what is 101101110011010110011 + -1?
101101110011010110010
In base 12, what is 35063b26 + -2?
35063b24
In base 8, what is 5277250 + -11?
5277237
In base 2, what is 1000000000 - -11110111010111?
11111111010111
In base 3, what is 11121122220002 + -121?
11121122212111
In base 12, what is -41665 + 200?
-41465
In base 16, what is -77ae + -f4a?
-86f8
In base 6, what is 243 - -1233351?
1234034
In base 3, what is 2222120012002 - 210?
2222120011022
In base 9, what is -1 - -57552004?
57552003
In base 14, what is -2 - bbaca20?
-bbaca22
In base 2, what is 1101000100110010001 + -1001?
1101000100110001000
In base 12, what is 4 - -3b66595?
3b66599
In base 3, what is 1012211121220021 + -12?
1012211121220002
In base 7, what is -200 - -114425622?
114425422
In base 6, what is 1124244134 + 5?
1124244143
In base 10, what is -116930482 - 2?
-116930484
In base 13, what is 30ba1 + 652?
31523
In base 8, what is -3 + 1041657?
1041654
In base 11, what is 2a9582 + 137?
2a9709
In base 15, what is -66b933a - 2?
-66b933c
In base 10, what is -517 + 353705?
353188
In base 3, what is -1 - 11211210002221010?
-11211210002221011
In base 11, what is -2 + 264110?
264109
In base 2, what is -100111010011010010101110 - -101?
-100111010011010010101001
In base 6, what is 1120 - -150021524?
150023044
In base 3, what is -10 - 21110112022022?
-21110112022102
In base 6, what is -103500 + 13452?
-50004
In base 7, what is 332115306 - -1?
332115310
In base 5, what is -4 - -33412434?
33412430
In base 15, what is -9abd1d + b?
-9abd12
In base 6, what is -22321 + -40412?
-103133
In base 15, what is -79b856 - -12?
-79b844
In base 10, what is -6595776 - -4?
-6595772
In base 16, what is -296 - 4a8?
-73e
In base 9, what is -12 + 12272861?
12272848
In base 14, what is -4 + -332c5dd0?
-332c5dd4
In base 7, what is 152162 - 100533?
51326
In base 5, what is 10312 - -1120023?
1130340
In base 6, what is 524453012 + 3?
524453015
In base 5, what is -2 - 142300440?
-142300442
In base 15, what is -5de + -212d?
-271c
In base 14, what is 9c47 - db?
9b4a
In base 13, what is -54323c9 - -4?
-54323c5
In base 8, what is 3073000 + 1352?
3074352
In base 5, what is -4140133301 + 13?
-4140133233
In base 10, what is -2 + -1613941?
-1613943
In base 6, what is 11414341 - -20?
11414401
In base 4, what is -113 - -3222102011?
3222101232
In base 3, what is 0 + 210020220100?
210020220100
In base 5, what is -10044223 - -203?
-10044020
In base 12, what is 0 + -1565662?
-1565662
In base 2, what is -1111010 + -101100011111001101?
-101100100001000111
In base 5, what is -23324 + 1400210?
1321331
In base 14, what is 10d + -10c7782?
-10c7673
In base 11, what is 2306a + -3161?
1aa09
In base 10, what is 5 - 100191480?
-100191475
In base 6, what is 4 + -1351402333?
-1351402325
In base 12, what is 4 - 29683a5?
-29683a1
In base 9, what is -26511550 - -3?
-26511546
In base 3, what is -1222120212101 - 211?
-1222120220012
In base 9, what is -2 + 733605?
733603
In base 5, what is 24 - 223023040?
-223023011
In base 8, what is 140751 - 143?
140606
In base 7, what is -14340050 - -4?
-14340043
In base 7, what is -3033344 + 4?
-3033340
In base 14, what is 1590a7 - 38c?
158b19
In base 8, what is 5 + 37346053?
37346060
In base 3, what is -1021200020202 + -110?
-1021200021012
In base 4, what is -3 + -320132122121?
-320132122130
In base 16, what is 2039 - 11d5?
e64
In base 9, what is 10425 - -4666?
15202
In base 14, what is 22396a - -c5?
223a51
In base 14, what is 25b810 + -5a?
25b794
In base 13, what is 8b515 - -1?
8b516
In base 4, what is -22220100202 - 202?
-22220101010
In base 8, what is 6016503 + -7?
6016474
In base 11, what is 2 - -4445564?
4445566
In base 11, what is 13a14626 + 6?
13a14631
In base 5, what is -42440334 + 321?
-42440013
In base 9, what is 8118380 + 2?
8118382
In base 13, what is 11a8307 - 0?
11a8307
In base 10, what is -57067 + -665?
-57732
In base 14, what is -3 - -367183?
367180
In base 14, what is 19 - 298a9b?
-298a82
In base 3, what is 11102211112110120 + 10?
11102211112110200
In base 2, what is 100 + 10011011100011001000010?
10011011100011001000110
In base 14, what is -37536d + -5?
-375374
In base 15, what is 1 - -e261ee?
e26200
In base 3, what is 220001202210010 + 2?
220001202210012
In base 15, what is -9763 + 148a?
-82c8
In base 11, what is -1a041968 + 2?
-1a041966
In base 6, what is -115 + -134351?
-134510
In base 9, what is -1122170 - 7?
-1122177
In base 7, what is -351502 - -6121?
-342351
In base 2, what is 1010000111011111100011 - 11?
1010000111011111100000
In base 7, what is 4 + -622545626?
-622545622
In base 5, what is -334212 - 1424410?
-2314122
In base 12, what is -767 + -a6090?
-a6837
In base 2, what is 101000001000000 - 110010001001101?
-1010000001101
In base 14, what is 5 + -3ac7b6?
-3ac7b1
In base 9, what is 4 + 13431?
13435
In base 10, what is -88993739 + 4?
-88993735
In base 7, what is -1513106226 + 2?
-1513106224
In base 5, what is -111 + 14024?
13413
In base 4, what is 10 - -2231303030?
2231303100
In base 3, what is 11002020 - -210011?
11212101
In base 7, what is 1005603 - -13053?
1021656
In base 14, what is 159a3 - 121?
15882
In base 8, what is -4 + 34346722?
34346716
In base 16, what is 4e06b - f6?
4df75
In base 9, what is 16 + 25252704?
25252721
In base 3, what is -2020 + -20110021222?
-20110101012
In base 7, what is -3313 + -10401?
-14014
In base 3, what is -100010000212 - -11202010?
-22221021202
In base 5, what is 2004302 + -3332?
2000420
In base 4, what is 1320002113 - 22222?
1313313231
In base 15, what is 4d181 - -66?
4d1e7
In base 14, what is -1090c92 + 1?
-1090c91
In base 2, what is -10 + -1110101010011101110100?
-1110101010011101110110
In base 15, what is -11aca1 + 1?
-11aca0
In base 15, what is 5937 + 14c8?
6e10
In base 5, what is 10223 - 100130?
-34402
In base 7, what is 15312 + 10215?
25530
In base 10, what is -13 + -286296?
-286309
In base 5, what is -212220 + 2114442?
1402222
In base 6, what is 23514 - 44100?
-20142
In base 9, what is -5 + -60651677?
-60651683
In base 2, what is -1100111010000100 - 1011001?
-1100111011011101
In base 12, what is 0 + 1478141?
1478141
In base 11, what is 3430 - -4529?
7959
In base 5, what is -1 - -33430112041?
33430112040
In base 6, what is 1003 + -1311423?
-1310420
In base 14, what is 6905361 - -2?
6905363
In base 6, what is -55513 - 235145?
-335102
In base 9, what is 462706868 - 3?
462706865
In base 2, what is -10 + -11110110001010?
-11110110001100
In base 11, what is -500022 - -334?
-4aa799
In base 4, what is -12 + -22212022312?
-22212022330
In base 7, what is -406403 - -65?
-406305
In base 15, what is -9 - -17e7d7?
17e7cd
In base 10, what is -1325 + -51606?
-52931
In base 6, what is 535115040 + -3?
535115033
In base 15, what is -2687b8 - -11?
-2687a7
In base 2, what is -1001 - -10111011110000000110?
10111011101111111101
In base 15, what is -1 - -184258d?
184258c
In base 10, what is -653 + 303?
-350
In base 8, what is -13774610 + -3?
-13774613
In base 10, what is -5420 + 736?
-4684
In base 14, what is -1b57 + -17db?
-3554
In base 12, what is 1 + 2631429?
263142a
In base 7, what is -233 + -355021?
-355254
In base 5, what is 43221232331 + 2?
43221232333
In base 8, what is -1 + 72700715?
72700714
In base 15, what is -14c - -1c63?
1b16
In base 4, what is -13 + 13133110202?
13133110123
In base 14, what is 43 - 2bc819?
-2bc7b6
In base 13, what is 16 + 319443?
319459
In base 12, what is 12b0b6 + -2?
12b0b4
In base 6, w